ousands digit of 54496?
4
What is the thousands digit of 43845?
3
What is the thousands digit of 7622?
7
What is the units digit of 35137?
7
What is the thousands digit of 55876?
5
What is the tens digit of 1335?
3
What is the hundreds digit of 4778?
7
What is the tens digit of 488?
8
What is the tens digit of 638?
3
What is the hundreds digit of 2317?
3
What is the tens digit of 87?
8
What is the thousands digit of 7392?
7
What is the hundreds digit of 1002?
0
What is the thousands digit of 14609?
4
What is the tens digit of 327?
2
What is the units digit of 2996?
6
What is the units digit of 2880?
0
What is the thousands digit of 6260?
6
What is the thousands digit of 1796?
1
What is the hundreds digit of 75359?
3
What is the ten thousands digit of 21588?
2
What is the units digit of 851?
1
What is the hundreds digit of 1197?
1
What is the thousands digit of 8289?
8
What is the hundreds digit of 468?
4
What is the units digit of 2128?
8
What is the thousands digit of 2224?
2
What is the hundreds digit of 491?
4
What is the hundreds digit of 389?
3
What is the units digit of 29091?
1
What is the tens digit of 46090?
9
What is the ten thousands digit of 10678?
1
What is the tens digit of 308?
0
What is the units digit of 4808?
8
What is the ten thousands digit of 58069?
5
What is the hundreds digit of 1989?
9
What is the units digit of 884?
4
What is the units digit of 93213?
3
What is the thousands digit of 1017?
1
What is the hundreds digit of 32761?
7
What is the thousands digit of 2310?
2
What is the hundreds digit of 9083?
0
What is the thousands digit of 10267?
0
What is the tens digit of 281?
8
What is the thousands digit of 57664?
7
What is the tens digit of 3310?
1
What is the units digit of 391?
1
What is the tens digit of 883?
8
What is the hundreds digit of 4712?
7
What is the ten thousands digit of 20874?
2
What is the units digit of 1021?
1
What is the hundreds digit of 28207?
2
What is the units digit of 7686?
6
What is the tens digit of 1097?
9
What is the tens digit of 199?
9
What is the hundreds digit of 1483?
4
What is the ten thousands digit of 28354?
2
What is the units digit of 419?
9
What is the hundreds digit of 1280?
2
What is the ten thousands digit of 12120?
1
What is the tens digit of 762?
6
What is the tens digit of 78566?
6
What is the units digit of 218?
8
What is the ten thousands digit of 19410?
1
What is the tens digit of 3165?
6
What is the units digit of 102?
2
What is the thousands digit of 5080?
5
What is the hundreds digit of 5661?
6
What is the units digit of 6278?
8
What is the units digit of 969?
9
What is the units digit of 770?
0
What is the thousands digit of 4585?
4
What is the thousands digit of 1161?
1
What is the tens digit of 839?
3
What is the tens digit of 512?
1
What is the hundreds digit of 1594?
5
What is the hundred thousands digit of 176604?
1
What is the tens digit of 1103?
0
What is the thousands digit of 9269?
9
What is the tens digit of 531?
3
What is the thousands digit of 23152?
3
What is the tens digit of 373?
7
What is the ten thousands digit of 37226?
3
What is the units digit of 62567?
7
What is the ten thousands digit of 19060?
1
What is the tens digit of 2445?
4
What is the hundreds digit of 2679?
6
What is the units digit of 435?
5
What is the hundreds digit of 2699?
6
What is the ten thousands digit of 143835?
4
What is the hundreds digit of 88578?
5
What is the units digit of 1911?
1
What is the units digit of 55213?
3
What is the hundreds digit of 3649?
6
What is the ten thousands digit of 47532?
4
What is the ten thousands digit of 10823?
1
What is the tens digit of 94173?
7
What is the thousands digit of 3957?
3
What is the thousands digit of 82153?
2
What is the thousands digit of 2204?
2
What is the hundreds digit of 510?
5
What is the hundreds digit of 168?
1
What is the thousands digit of 1633?
1
What is the hundreds digit of 30157?
1
What is the units digit of 43?
3
What is the thousands digit of 1925?
1
What is the hundreds digit of 1441?
4
What is the hundreds digit of 374?
3
What is the hundreds digit of 6026?
0
What is the hundreds digit of 1555?
5
What is the tens digit of 945?
4
What is the hundreds digit of 1618?
6
What is the units digit of 119?
9
What is the hundred thousands digit of 135533?
1
What is the tens digit of 1191?
9
What is the hundreds digit of 1892?
8
What is the tens digit of 68916?
1
What is the thousands digit of 4839?
4
What is the tens digit of 2684?
8
What is the ten thousands digit of 128777?
2
What is the ten thousands digit of 31172?
3
What is the thousands digit of 30931?
0
What is the units digit of 273?
3
What is the hundreds digit of 7645?
6
What is the units digit of 1166?
6
What is the units digit of 8306?
6
What is the units digit of 924?
4
What is the thousands digit of 2897?
2
What is the tens digit of 49736?
3
What is the units digit of 3586?
6
What is the units digit of 4779?
9
What is the tens digit of 2822?
2
What is the units digit of 55820?
0
What is the hundreds digit of 77101?
1
What is the thousands digit of 56653?
6
What is the tens digit of 681?
8
What is the tens digit of 549?
4
What is the tens digit of 216?
1
What is the tens digit of 402?
0
What is the tens digit of 2790?
9
What is the tens digit of 30489?
8
What is the thousands digit of 21521?
1
What is the units digit of 2285?
5
What is the units digit of 23399?
9
What is the tens digit of 929?
2
What is the units digit of 3101?
1
What is the tens digit of 7464?
6
What is the units digit of 385?
5
What is the tens digit of 992?
9
What is the units digit of 54077?
7
What is the hundreds digit of 446?
4
What is the hundreds digit of 26229?
2
What is the tens digit of 413?
1
What is the units digit of 32005?
5
What is the tens digit of 711?
1
What is the hundreds digit of 6663?
6
What is the units digit of 11137?
7
What is the tens digit of 1197?
9
What is the tens digit of 1314?
1
What is the ten thousands digit of 51177?
5
What is the tens digit of 8860?
6
What is the units digit of 15927?
7
What is the units digit of 562?
2
What is the units digit of 18006?
6
What is the ten thousands digit of 30310?
3
What is the units digit of 119093?
3
What is the units digit of 772?
2
What is the units digit of 1443?
3
What is the tens digit of 11933?
3
What is the ten thousands digit of 104529?
0
What is the thousands digit of 3420?
3
What is the thousands digit of 67699?
7
What is the units digit of 3351?
1
What is the units digit of 43529?
9
What is the hundreds digit of 12855?
8
What is the units digit of 51338?
8
What is the units digit of 33560?
0
What is the hundreds digit of 4993?
9
What is the hundreds digit of 960?
9
What is the thousands digit of 59659?
9
What is the thousands digit of 1372?
1
What is the tens digit of 823?
2
What is the ten thousands digit of 17740?
1
What is the tens digit of 86048?
4
What is the ten thousands digit of 12569?
1
What is the units digit of 758?
8
What is the units digit of 347?
7
What is the hundreds digit of 1764?
7
What is the units digit of 960?
0
What is the tens digit of 11795?
9
What is the tens digit of 84276?
7
What is the units digit of 1697?
7
What is the tens digit of 42689?
8
What is the tens digit of 17?
1
What is the units digit of 18322?
2
What is the units digit of 3200?
0
What is the ten thousands digit of 21082?
2
What is the hundreds digit of 813?
8
What is the thousands digit of 5662?
5
What is the tens digit of 275?
7
What is the hundreds digit of 648?
6
What is the hundreds digit of 3664?
6
What is the hundreds digit of 6084?
0
What is the units digit of 1729?
9
What is the units digit of 381?
1
What is the tens digit of 710?
1
What is the units digit of 1949?
9
What is the units digit of 499?
9
What is the tens digit of 3176?
7
What is the thousands digit of 7132?
7
What is the thousands digit of 30456?
0
What is the tens digit of 899?
9
What is the thousands digit of 2198?
2
What is the hundreds digit of 445?
4
What is the tens digit of 385?
8
What is the tens digit of 65844?
4
What is the tens digit of 50610?
1
What is the tens digit of 1661?
6
What is the tens digit of 932?
3
What is the tens digit of 8304?
0
What is the hundreds digit of 3405?
4
What is the thousands digit of 2627?
2
What is th